est common divisor of 10704 and g.
48
Let g be -4 + 3/(6/2). Let o be (0 + 20)/(g/(-12)). Suppose o + 40 = 5*h. What is the highest common factor of h and 36?
12
Let d be (-15)/4*(-5 - -33). Suppose 21 = -2*p - 3*c, -4*p + 0*c = c + 27. Let j be (3 - 11/5)/(p/d). What is the greatest common factor of j and 98?
14
Let b(l) = 2*l**2 + 10*l + 6. Let v be b(-4). Let q be (2 + -7 - v) + 10. What is the greatest common divisor of q and 7?
7
Let d(h) = 2*h**3 - 8*h**2 - 5*h - 4. Let a be d(6). What is the highest common divisor of a and 1265?
55
Let y(u) = -u**2 + 37*u + 976. Let a be y(53). What is the greatest common divisor of a and 16384?
128
Let g = -104 + 192. Let k be 0 + -1 + 3 - (-5800)/4. Suppose 4*r - k = -7*r. What is the greatest common factor of g and r?
44
Suppose 2*l = 4*j - 6, 3*j - 2*l + 3 - 6 = 0. Suppose 35 = 5*i - 2*a, i - j*a = -2*i + 12. Suppose 5*n - 3 = 2. What is the greatest common factor of i and n?
1
Let o(i) be the first derivative of -i**3/3 + 5*i**2/2 - 6*i - 15. Let g be o(3). Suppose g = -2*a + 44 + 48. What is the greatest common factor of 115 and a?
23
Suppose 2*m = -40*x + 45*x - 169, -3*x + 90 = -5*m. Suppose -2*l - 311 = -941. What is the highest common divisor of x and l?
35
Let o be 1*6/(-10)*-5. Let s = 378 + -278. Let z be (-8)/24 + s/o. What is the highest common divisor of z and 55?
11
Let x(a) = -4*a**2 - 123*a - 84. Let s be x(-28). Calculate the highest common divisor of s and 308.
28
Let d = -217221 + 217237. Let r be 2796/14 + (-2)/(-7). What is the greatest common divisor of r and d?
8
Let l(i) = -i**2 - 30*i - 25. Let f be (4/6)/((-34)/(-153)). Let n = f - 23. Let r be l(n). Calculate the greatest common divisor of r and 25.
25
Let q = -41 - -45. Let j be 2*(6/q + 1). Suppose 0 = 5*f - 4*n - 170, 3*f - j*n = 6*f - 65. Calculate the greatest common divisor of f and 45.
15
Suppose -4863 = 12*t - 25359. Calculate the highest common divisor of 42 and t.
14
Suppose 57*v - 282136 = 208*v - 723056. What is the highest common factor of 24 and v?
8
Let q(b) = -3*b**3 + 67*b**2 - 22*b + 26. Let n be q(22). Calculate the highest common divisor of 793 and n.
13
Suppose 52*k - 2017 - 323 = 0. What is the highest common divisor of k and 10?
5
Suppose 2*b - 149 = 5*b - 4*z, -3*b - 131 = 5*z. Let k = b - -157. Calculate the greatest common factor of 10 and k.
10
Suppose -4*x = b - 24, -2*x - b - 18 = -5*x. Suppose -q - 172 = 4*j - 204, -5*q - 38 = -2*j. What is the greatest common divisor of x and j?
3
Let d(l) be the second derivative of 31*l**3/3 - 12*l**2 - 16*l + 2. Let m be d(2). Calculate the highest common divisor of 4 and m.
4
Let a = -1613 + 931. Let y = a + 698. What is the highest common divisor of 544 and y?
16
Let v(t) = -t - 2*t + 5 + 2*t + 6*t. Let l be v(-2). Let p be (36/2)/(1*(-1)/l). What is the highest common factor of p and 10?
10
Let h(n) = n - 8. Let k be h(8). Suppose -4498 = 4*p - 5*j, 3*j - 2250 = 2*p - k*j. Let a be 1*(p/3)/(-2). Calculate the greatest common factor of 17 and a.
17
Let m = 15821 - 15615. Calculate the greatest common divisor of m and 2575.
103
Let y(g) = -g**2 + 65*g - 282. Let u be y(59). Calculate the highest common divisor of u and 5184.
72
Let j(d) = 9*d**3 - 12*d**2 + d + 23. Let y be j(3). Calculate the greatest common factor of y and 11753.
161
Suppose d + 12 = 7*d. Let x be (d - 1)/4 + (-4820)/80. Let f be (-5)/(-1)*(-4884)/x. Calculate the greatest common divisor of 37 and f.
37
Suppose 10*x + 19*x = 284 + 6. Let i be (5/(-4))/((-5)/120). What is the greatest common divisor of i and x?
10
Let p(u) = u**3 - 10*u**2 - 11*u - 3. Let a be p(11). Let v be (0 + 1)*(-2 - a). Suppose -4 = -g + v. What is the highest common divisor of 15 and g?
5
Let p(d) = d**2 - d - 4. Let x be p(-2). Suppose x*r + 4*q - 84 = 0, 4*q - 5*q = 3*r - 121. Let s = 70 + r. What is the greatest common divisor of 10 and s?
10
Let s be 12/12 - 7*23. Let i be -3 - s - (1 + 1). Suppose 5*l + 2*y = 140, 3*l - 2*y = i - 55. What is the greatest common divisor of l and 240?
30
Let a(u) = 30*u**2 + 5*u + 166. Let i be a(9). Calculate the greatest common divisor of 76 and i.
19
Let c(s) = 9*s**2 - 22*s + 17. Let i be c(6). Suppose i*a - 460 = 204*a. Calculate the greatest common divisor of a and 23.
23
Let d(f) = -223*f + 62. Let c be d(0). What is the greatest common divisor of 12369 and c?
31
Suppose -8*f = -8142 + 86. What is the greatest common factor of 19 and f?
19
Let j be 1/(12/52728) + 17. Calculate the greatest common divisor of j and 11.
11
Let p(t) = 414*t - 2867. Let d be p(7). Calculate the highest common factor of 9517 and d.
31
Let h(s) = s + 32. Let u be h(-18). Suppose 8*m - 9*m = -5. Suppose 4*n - 4*l + l - 436 = 0, m*l = 5*n - 540. What is the greatest common divisor of u and n?
14
Let b be ((-10)/(-7))/((-41)/(-1148)). Suppose 0 = b*f + 158 - 3558. What is the greatest common factor of f and 17?
17
Suppose 848 = p - 23. Suppose -7654 - p = -31*l. Calculate the greatest common divisor of l and 33.
11
Let f be (-1080)/300*(-30)/4. Suppose -o = -36 - 99. Calculate the highest common factor of f and o.
27
Suppose 10*d + 10 - 70 = 0. Let c be (-8)/((-32)/660)*d/9. Let i be -3 + 1*(-1 - -48). What is the highest common factor of i and c?
22
Let b = -8618 - -8640. What is the greatest common divisor of 220 and b?
22
Let v be ((-27)/18)/(5/(-210)). Let n be (-52)/(-6) - (-3)/9. What is the highest common divisor of v and n?
9
Let t(g) = -g**2 - 28*g - 2. Suppose 23*r + 43 = -3. Let a be t(r). What is the highest common divisor of a and 40?
10
Let i(a) = 105*a**2 - 2*a + 4. Let b be i(-4). Suppose -1565*y + 834*y - 2664 = -805*y. What is the highest common divisor of b and y?
36
Suppose -2*b + 6 + 0 = -5*x, b - 3 = -2*x. Suppose -p + 13 = q, x = -3*p + 5*q + 21 - 6. Calculate the greatest common divisor of 20 and p.
10
Suppose 2438*k = 2408*k + 5760. Calculate the greatest common factor of 1328 and k.
16
Let p = -1430 + 1474. Let r be 2/(8/12) - -107. What is the highest common factor of r and p?
22
Suppose 36*y - 41*y - 70 = 0. Let i be y/49 - 1964/(-14). What is the highest common factor of i and 105?
35
Let v(x) = -8*x**3 + x**2 + 3*x + 6. Let t be v(-2). Suppose t = 10*a - 12. Suppose 0 = -2*l + 155 - 27. Calculate the highest common factor of a and l.
8
Suppose -2*k + 9476 = -j + 5*j, 11785 = 5*j - 5*k. Calculate the greatest common factor of j and 605.
55
Let y be ((-1728)/(-112))/(-1 + (72/(-28))/(-2)). Calculate the greatest common divisor of y and 5373.
27
Suppose 0 = -7*l + 273 + 161. Let u = 271 - l. Calculate the greatest common factor of 19 and u.
19
Suppose 5*k - 6*b = -2*b + 833, 0 = 2*k - 5*b - 340. Suppose -4*d - 1188 = -10*q - 442, 2*d - 2 = 0. What is the greatest common factor of k and q?
15
Suppose 3*x = 0, -q - 27 = -2*q - 5*x. Suppose -30*r + q*r + 312 = 0. Calculate the highest common divisor of 4 and r.
4
Let d(f) be the third derivative of -f**5/30 + 13*f**4/8 + 11*f**3/3 - 2*f**2 - 21*f. Let w be d(20). Calculate the greatest common factor of 2 and w.
2
Suppose 0 = -2*c - a - 2*a + 104, 5*a = c - 78. Suppose -2289*p = -2577*p + 15404 + 9652. What is the greatest common factor of c and p?
29
Suppose -i - 3*t = -8*t - 50, -5*i = -3*t - 382. Calculate the greatest common factor of 208 and i.
16
Suppose 2*j + 1144 = 1830. Calculate the highest common divisor of j and 14.
7
Let g(o) = -3*o**3 - 2*o**2 - 3*o - 1. Let l be g(-2). Let m be 8/48 + -13 + 23968/192. Calculate the greatest common factor of l and m.
7
Suppose -a - 346 = -2*m, 3*a - 769 - 129 = -5*m. Calculate the greatest common divisor of m and 902.
22
Let a(f) = -f**3 - 27*f**2 + 6*f - 31. Let i be a(-27). Let v = 198 + i. What is the highest common divisor of v and 55?
5
Let h(a) = -5*a - 27. Let d be h(-8). Let w(g) = -g**2 + 13*g. Let m be w(d). Suppose -f - 5*f + 72 = m. Calculate the greatest common factor of f and 96.
12
Let b = 2762 - 2498. Calculate the highest common factor of b and 99.
33
Let q be (6 - 1)*4/10. Suppose -480 = -22*u - q*u. Calculate the highest common factor of 90 and u.
10
Suppose 0 = -r, -63 = -h - 49*r + 50*r. What is the highest common factor of h and 36540?
63
Let k(u) = 7*u + 171. Let j(s) = -s + 4. Let g(z) = -6*j(z) + k(z). Let p be g(-9). Calculate the greatest common 